7*z**2 - 3*z**3 - 6 + 9*z. Let g be w(8). Determine i(g).
-11
Let s(r) = 2*r**2 + 5*r - 4. Let h(z) = -2 - 4*z + 2 + 3 - 2*z**2 + z**2. Let f(g) = 5*h(g) + 4*s(g). Let k(p) = p**2 + 5*p + 3. Let a be k(-4). Give f(a).
2
Let f(n) = 2*n**2 - 1. Let w(y) = -4*y**2 - y + 3. Let d(h) = 5*f(h) + 3*w(h). Suppose 3*s + 11 = 62. Suppose 0 = 4*l - 1 + s. Calculate d(l).
-16
Let x = 66 + -73. Let a(l) = l**2 + 7*l + 7. What is a(x)?
7
Let t(x) = x - 46 + 55 - 6*x + x - x**3 + 4*x**2. Determine t(4).
-7
Let u(g) = 2*g - 2. Suppose 5*p = 19 - 14. Suppose -4*i + p - 21 = 0. What is u(i)?
-12
Let n(l) = -4*l**3 + 8*l**2 + 10. Let x(t) = 3*t**3 - 7*t**2 + t - 10. Let j(b) = -2*n(b) - 3*x(b). Calculate j(5).
-5
Let a(v) = 7*v**3 + 12*v**2 - 12*v + 5. Let u(m) = -3*m**3 - 6*m**2 + 6*m - 2. Let f(c) = 2*a(c) + 5*u(c). Give f(-7).
7
Let f(p) = 2*p - 1. Let z(l) = l. Let a(i) = -f(i) - 4*z(i). Let b(h) = 3*h - 1. Let m(q) = 3*a(q) + 5*b(q). What is m(5)?
-17
Let b(q) = -2*q**3 - 2*q**2 + q - 2. Let w = 5 + -1. Suppose 0 = -g + 2 + w. Let j = -8 + g. Give b(j).
4
Let o = 6 - 4. Let z(a) be the first derivative of 3/2*a**2 - 41 - a. Determine z(o).
5
Let q(u) be the first derivative of -u**4/6 - u**2 + 9*u - 6. Let i(a) be the first derivative of q(a). What is i(2)?
-10
Suppose 34 = 2*q + 2*q - 5*v, 0 = 5*q - 2*v - 51. Let x(l) = -l**3 + 11*l**2 + l - 8. What is x(q)?
3
Suppose 0 = -d - 0 + 3. Let p(b) = 3*b + 7. Let h(j) = 2*j + 5. Let w(z) = 5*h(z) - 4*p(z). Determine w(d).
-9
Let u(d) = 4*d**2 - 2*d - 3*d**2 + 1 - 5. Let q be (-209)/(-110) + (-1)/(-10). Suppose -t + 23 = 5*c, -2*t - 14 = -7*c + q*c. Give u(c).
4
Let h(w) = w**3 + 5*w**2 - 6*w - 9. Suppose -13 + 39 = -5*m - 4*k, -k = -1. Give h(m).
-9
Let x(n) be the third derivative of -n**4/24 - 5*n**3/6 + 81*n**2. Suppose 4*a + 5*o + 11 = -25, 3*o + 32 = -5*a. What is x(a)?
-1
Let n(b) = -b**3 + 3*b**2 - 5*b + 4. Let p(z) = -z + 3. Suppose 2*u + 9 = 3*o, 3*u - 3*o + 16 = 4. Let c be p(u). Let l = c - 3. Calculate n(l).
-11
Let p(u) be the third derivative of -13*u**2 + 1/20*u**5 + 0 + 1/120*u**6 + 0*u + 1/2*u**3 + 1/6*u**4. Suppose 0 = -k - 3*k - 8. Determine p(k).
-1
Let l be ((-7)/21)/((-3)/9). Let x be (-37 - -3 - 2)/(-2). Let u(w) = 33 - 14 - x - w. What is u(l)?
0
Suppose -m - 3*a - 6 = 0, -5*m + 6 = -6*m + 3*a. Let q(l) = -2*l**3 - 13*l**2 - 6*l - 8. Let o be q(m). Let j(d) = d**3 + 8*d**2. Give j(o).
0
Let t be (-88)/(-14) - (-2)/(-7). Let v(c) = -15*c + 7 + 5*c - c**2 + t*c. Calculate v(-5).
2
Suppose -2*i - 3*t = -10, 4*t - 12 = t. Let s be (-1 - 0)/(i/(-4)) + -3. Let d(r) = r**3 + 6*r**2 - 8*r - 1. Give d(s).
6
Suppose 0*o - 2*z = o + 6, 2*z = 2*o - 6. Suppose -4*c + 3*c = o. Let q(g) = -g**3 - g**2 + g + 3. Give q(c).
3
Let s be (-8)/(-2) - (4 + (-4)/(-1)). Let k(q) = 2*q**3 + 4*q**2 + q + 3. What is k(s)?
-65
Let c(o) = 2*o**3 + 5*o**2 + 10*o + 3. Let a be 2 - (1 - -4)*1. Let r(b) = b**3 + 2*b**2 + 5*b + 2. Let g(v) = a*c(v) + 5*r(v). Let k = 2 - 6. Determine g(k).
5
Let d(h) be the second derivative of h**3/6 + h**2 + 470*h. Determine d(-7).
-5
Let w(x) be the third derivative of 0 + 1/120*x**6 - 5/24*x**4 + 0*x - 1/15*x**5 + 0*x**3 - 5*x**2. Suppose 21 = 7*u - 14. Determine w(u).
0
Let n(q) = -9*q - 15. Let h(r) = -26*r - 44. Let m(s) = 5*h(s) - 14*n(s). What is m(-7)?
18
Let g(n) be the first derivative of n**2 - 1 - 3*n - 4/3*n**3. Calculate g(2).
-15
Let d(z) be the first derivative of -z**4/4 + 2*z**3/3 - z**2 + z + 2. Let q be (-2)/(-7) - 182/(-49). Suppose 5*a - 7*a = -q. Give d(a).
-3
Let d be ((-4)/5)/((-12)/(-30)). Let o(t) be the second derivative of t**2 + 1/6*t**3 + 0 - 2*t. Give o(d).
0
Let z(l) = l**2 - 7*l + 5. Let r(b) = b**2 + 15*b + 5. Let q = 1 - 5. Let p be q/16 - (-59)/(-4). Let g be r(p). What is z(g)?
-5
Let u(d) be the first derivative of 3*d**2 - 14 - 1/3*d**3 - 2*d. Determine u(5).
3
Let i(t) be the second derivative of -t**5/20 + t**4/8 + t**3/2 - t**2/2 - 10*t. Let a(w) be the first derivative of i(w). Give a(3).
-15
Let o = 120 - 121. Let w(x) = -2*x**2. What is w(o)?
-2
Let h be (-4*1/6)/(6/261). Let o = h + 23. Let r(g) = g**3 + 7*g**2 + 5*g - 6. Calculate r(o).
0
Let t(g) = g**3 - 10*g**2 + 11*g - 11. Let b(p) = p**3 - 11*p**2 + 12*p - 14. Let z(o) = -4*b(o) + 5*t(o). What is z(4)?
-3
Let l(j) = 3*j**2 + 9*j. Let d(k) = 2*k**2 + k + 1. Let z(y) = d(y) - l(y). What is z(-9)?
-8
Let n = 25 + -4. Suppose u + v + 11 = 5*u, -n = u - 5*v. Let z(q) = 2*q**2 - 5*q + 5. Let x(k) = 4*k**2 - 10*k + 9. Let l(t) = -3*x(t) + 5*z(t). What is l(u)?
-14
Let r(k) be the first derivative of -k**3/3 - 5*k**2/2 - 7*k - 136. Give r(-3).
-1
Let w(p) be the second derivative of p**4/12 + p**3/6 - 7*p. Suppose -z + 86 - 83 = 0. What is w(z)?
12
Let t(l) = 2*l - 11. Let i(m) = 2*m - 10. Let z(u) = 6*i(u) - 5*t(u). Let n be z(-1). Let h(j) = -j - 5. What is h(n)?
2
Let n(g) be the second derivative of -g**4/12 - g**3 - 4*g**2 - 23*g. Give n(-7).
-15
Suppose 12 - 75 = 63*g. Let p(q) = 4*q**3 + q + 2. Give p(g).
-3
Suppose 58*l = 61*l + 9. Let c = 7 + l. Let v(p) = p - 5. Determine v(c).
-1
Suppose 0 = -4*c + 3*l, 5*c - 12 = -3*l - 39. Let s be (6 - -3) + c - 2. Let n(h) = h + 2. Let v(z) = z + 3. Let f(i) = 3*n(i) - 2*v(i). Calculate f(s).
4
Let a(o) = -14*o - 13*o**2 + 15*o**2 + 6*o**2 + 0*o - 7*o**2 + 14. Determine a(6).
-34
Let u be 8 + (-4)/(10/5). Let c(g) = 4*g**3 - 8*g**2 - 2*g + 7. Let b(f) = -5*f**3 + 9*f**2 + 3*f - 8. Let y(v) = u*c(v) + 5*b(v). Give y(-4).
6
Let r(v) = 4*v**2 - 2*v**2 + 4*v - 5 - 3*v**2. Calculate r(2).
-1
Let j(y) = -133*y + 26 + 47*y + 38*y + 46*y. Determine j(14).
-2
Let z(c) be the first derivative of -7*c**4/4 - c**3/3 - c**2 - c + 120. Give z(-1).
7
Let o(l) = 9*l + 4. Let x(d) = 38*d + 20. Let z(u) = -14*o(u) + 3*x(u). Calculate z(-1).
16
Suppose t = -4*f - 2*t + 22, f = -3*t + 10. Suppose -f*i + 3*i + 2*g = -15, -3*i - g = -10. Let o(v) = i*v - v - 6*v. Calculate o(-5).
10
Suppose 47*m = 10 - 198. Let k(r) be the first derivative of 2*r**2 + 2*r + 1. Determine k(m).
-14
Let h be 3/27*3*39. Let d = 13 - h. Let v = d + 1. Let g(z) = 15*z**2 - 2*z + 1. Calculate g(v).
14
Let r = -762 + 765. Let c(x) be the first derivative of 3 + 3*x + 1/3*x**r + 5/2*x**2. Determine c(-3).
-3
Suppose a - t = 5, -2*a - 2*t + 6 + 0 = 0. Suppose -20 = a*u - z, 3*u + 5 = 2*u - z. Let w(y) = y**3 + 6*y**2 + 8*y + 7. Determine w(u).
-8
Let l(j) = -j**2 + j + 3*j - 5*j**2 + 14 + 5*j**2 - 20. Suppose -4*u - u = -20. Suppose -2*m - 2*h = -3*m + 15, u*m + h - 15 = 0. Give l(m).
-11
Let o be (-92)/(-6) - (4/6)/2. Suppose 15 + 0 = o*m. Let f(j) = -4*j - 1. Give f(m).
-5
Suppose -280*n - 28 = -276*n. Let g(a) = -a**3 - 5*a**2 + a + 8. Let b(w) = 2*w**3 + 9*w**2 - 2*w - 17. Let z(q) = -2*b(q) - 5*g(q). What is z(n)?
1
Let n(o) = -5*o - 3. Let d(h) = 18*h + 25. Let l(a) = -9*a - 12. Let y(k) = 6*d(k) + 13*l(k). Let s(v) = -11*n(v) + 6*y(v). Determine s(-7).
-10
Let o(i) = i**3 - 10*i**2 + 5*i - 8. Let v be (4 - -2 - 4)/(-2). Let z(g) = -g**2 - 1. Let q(a) = v*o(a) + 4*z(a). Suppose -2*s + 15 = s. Give q(s).
4
Let z(u) be the third derivative of 5/24*u**4 + 0*u - 1/6*u**3 + 1/60*u**5 + 6*u**2 + 0. Determine z(-7).
13
Let a(h) be the first derivative of -5*h**2/2 + 32*h - 669. Calculate a(8).
-8
Let p be 1*(-2)/((-4)/(-34)). Let o = 21 + p. Let k(w) = 3*w**3 + 3*w**2 - 6. Let n(x) = x**3 + 2*x**2 - 3. Let q(s) = 2*k(s) - 5*n(s). Give q(o).
3
Let x(g) = 2*g**2 + 5*g + 2. Let b be x(-3). Let s(m) = m. Let a(t) = t**2 - 13*t + 1. Let h(q) = -a(q) - 5*s(q). Give h(b).
14
Suppose -32*n + 36*n + 40 = 0. Let t(k) = -2*k - 15. What is t(n)?
5
Let c(z) = -z**2 + 15*z + 4. Let n = -1726 + 1739. Give c(n).
30
Let v(a) be the third derivative of a**5/60 - 17*a**4/24 - 11*a**3/6 + 3*a**2 + 6*a. Calculate v(17).
-11
Let i(g) = -g**3 + 5*g**2 - 6*g. Let r(x) = -31*x - 213. Let w be r(-7). What is i(w)?
-8
Let z(t) = 12*t - 36. Let b(y) = -5*y + 18. Let s(f) = 7*b(f) + 3*z(f). What is s(0)?
18
Let v(c) = -7*c**2 + 5*c + 35. Let y(u) = -20*u**2 + 14*u + 103. Let i(m) = 17*v(m) - 6*y(m). Determine i(0).
-23
Let j(s) = 94*s + 187. Let o be j(-2). Let d(t) = -10*t**3 + 2*t**2 + 2*t. What is d(o)?
10
Let m(u) = u**2 + 0*u + 10840 - 10845 + 3*u. Calculate m(-3).
-5
Let r = 1 + -5. Let y(l) = 6*l**2 + 7*l - 10. 